- 52, 2*t = -2. What is the greatest common divisor of 460 and g?
20
Let d = 6505 + -6386. Let r(m) = 2*m**2 - 12*m + 9. Let a be r(9). What is the highest common factor of a and d?
7
Let a = 852 + -1296. Let k = 724 + a. Suppose 0 = 5*s + 4*d - 167, 2*s - 5*d + 130 = 6*s. What is the highest common divisor of s and k?
35
Let u(z) = -5*z + 49. Let l be u(9). Let a be ((-260)/(-91))/(l/42). Calculate the greatest common divisor of a and 100.
10
Let y be (-12 - 572/(-33))*3498/8. Calculate the highest common divisor of 484 and y.
44
Let z(r) = r**3 - 12*r**2 + 15*r - 24. Suppose 0 = -131*l + 128*l + 33. Let n be z(l). Calculate the highest common factor of 10 and n.
10
Let x be (-59972)/(-66) + (-1)/(-3) - 1. Suppose 907*q + 46 = x*q. Calculate the highest common factor of 368 and q.
46
Suppose 2*s = -3*s - 4*x + 2547, -5*x - 2054 = -4*s. Suppose -6*t + s = t. Suppose t*k - 48 = 70*k. What is the highest common divisor of 8 and k?
8
Suppose -34 = -z + c, -3*z + 0*z - 4*c = -130. Suppose -16*u + 10*u = -114. Suppose 5*h - 6*h + u = 0. Calculate the highest common divisor of z and h.
19
Suppose -j - 10*u = -12*u - 502, -5*j + 2450 = 5*u. What is the greatest common factor of 78 and j?
26
Let l be (-980)/294*(0 - 90). Calculate the greatest common divisor of 4000 and l.
100
Let f = 1630 + -1617. Suppose -4*d + 522 = -1870. What is the greatest common divisor of f and d?
13
Let f(w) = -4*w - 2. Let o be f(5). Let i = -12 - o. Let t be ((-3)/(399/760))/(2/(-14)). What is the greatest common factor of i and t?
10
Suppose 2*o + 4*y = 1250, 2*y + 466 + 754 = 2*o. Calculate the highest common factor of o and 1640.
205
Let y be 0 + -6 - (-210)/35. Suppose -4*a + 64 + 68 = y. Calculate the greatest common factor of 528 and a.
33
Let g be 2*82/4 - 1. Let j be ((-1)/3 - (401 + -400))/(2/(-36)). What is the highest common divisor of g and j?
8
Let x = -55 + 34. Let p = x + 24. Suppose p*m = 4*m - 8. Calculate the highest common factor of 8 and m.
8
Let f be (23 + 1530/(-54))*3/(-6)*3. Calculate the greatest common factor of f and 904.
8
Let a(q) = -22 + 44 - 21. Let b(d) = -2*d + 9. Let k(z) = 21*a(z) - 3*b(z). Let w be k(3). What is the highest common divisor of w and 60?
12
Let m be (-144)/(-108) - (-242)/3. Suppose -57*p - 1800 = -m*p. What is the highest common factor of p and 64?
8
Let f(n) = 3*n**3 - 3*n**2 - 6. Let q(p) = 5*p - 11. Let g be q(8). Let a = -26 + g. Let t be f(a). Calculate the greatest common factor of 3 and t.
3
Suppose -3*i = -z + 8, -5*z + 2*z - 3*i = -84. Suppose r - 2*r = d - z, 0 = d - 2*r - 26. Suppose -6 = -2*l - 0. Calculate the highest common factor of d and l.
3
Let b(l) be the first derivative of -l**2/2 + 20*l + 25. Let k be b(5). Calculate the highest common factor of 3 and k.
3
Suppose 2*z = -i - 3*i + 1026, 2*i - z = 507. Suppose -2*y + 260 = y - 4*a, -i = -3*y + 3*a. What is the greatest common factor of 64 and y?
16
Suppose 17*t + 29*t - 8505 = 12563. What is the greatest common divisor of 5267 and t?
229
Let v = -5549 + 5968. Calculate the greatest common factor of 2 and v.
1
Suppose -y - s + 2 = 0, 2*s - 5 = -4*y + 11. Suppose -4*o - 546 = -f, 5*f + 7*o - y*o = 2751. What is the greatest common divisor of 100 and f?
50
Let s(x) = 366*x - 431. Let t be s(16). What is the greatest common divisor of t and 35?
35
Suppose 0 = 5*v - 5*l - 1515, 17*l + 198 = v - 169. Calculate the greatest common divisor of 391 and v.
23
Let n = 22452 + -22372. Suppose -2*g = 68 + 2. Let i = -19 - g. Calculate the highest common divisor of i and n.
16
Let g(s) = s**3 + 35*s**2 + 38*s + 170. Let q be g(-34). Let d(m) = 26*m - 1. Let t be d(2). Calculate the greatest common divisor of q and t.
17
Let q be (-18788)/(-1586) + 0 + 6/39. Suppose 0*g + 2*g + 16 = 0. Let y = 17 + g. Calculate the greatest common divisor of y and q.
3
Let f(o) = o**3 + 13*o**2 + 16*o + 5. Let v be f(-5). Let u = -231 - -127. Let b = v + u. Calculate the highest common divisor of b and 168.
21
Let l = 127 - 122. Suppose -g + y - 6*y = -46, l*g - 272 = -4*y. What is the highest common divisor of 7 and g?
7
Let r = 37 - 37. Suppose -5*o + o = -12. Let m be (13/(-1))/(r - o/6). What is the highest common factor of 39 and m?
13
Suppose -4*v + 5*z = -10491, 137*v - 7877 = 134*v - 5*z. Calculate the greatest common factor of 224 and v.
32
Let p = -424 + 253. Let u = 176 + p. What is the highest common divisor of 135 and u?
5
Let g(w) = 23*w**2 + 2*w + 60. Let y be g(-7). Suppose y = 19*c - 2*c. Calculate the highest common divisor of c and 46.
23
Let f = 32423 - 23354. Calculate the highest common factor of f and 3.
3
Let q = -76 + 76. Suppose 13*x = -q*x + 39. What is the greatest common factor of 2 and x?
1
Suppose 0 = -3*i - 9*i + 168. Let h be (-142)/(-6)*1 - i/21. What is the highest common divisor of 207 and h?
23
Suppose -4*o = j - 2*j - 52, 0 = -3*o + 2*j + 44. Let h = -1436 + 1784. What is the greatest common factor of h and o?
12
Suppose -12*j - 749 + 1181 = 0. Let l be 81 - (1 + -3 + -1). What is the highest common factor of l and j?
12
Let i be -45 - (-2)/(10 - 8). Let q be ((-2)/(-4))/(i/(-7656)). What is the highest common factor of 319 and q?
29
Let u(w) = 2*w**3 - 6*w**2 + 7*w + 6. Let m be u(4). Let v = m + -63. Suppose -v*t + 247 = 31. Calculate the highest common divisor of t and 9.
9
Suppose 3*t = 3*q - 111, 14*t = -3*q + 11*t + 87. What is the highest common factor of q and 55?
11
Suppose -4*j + 663 = -5*b, 2*j + 17*b - 364 = 13*b. What is the highest common factor of 2150 and j?
86
Let v be (11 + -90)*-2 - -3*1. Calculate the highest common factor of v and 184.
23
Let t = -1042 + 1070. Calculate the greatest common factor of 4480 and t.
28
Let u be ((-76)/19)/((-4)/(-18)). Let r be (-760)/u - 22/99. Calculate the highest common factor of r and 21.
21
Let k(v) = 262*v**2 + 20*v + 14. Let s be k(-1). Calculate the greatest common divisor of 1 and s.
1
Let c = 49 - 41. Suppose 0 = a + c*a + 720. Let g = a + 85. What is the greatest common factor of 5 and g?
5
Let g(j) = -j**3 + 5*j**2 - 4*j + 1. Let h be g(4). Let q = 30 - 29. Let w(s) = -s**2 + 2. Let u be w(q). Calculate the greatest common divisor of h and u.
1
Let v(o) = -o**3 + 6*o**2 - 8*o + 66. Let w be v(6). Calculate the highest common divisor of w and 4050.
18
Suppose 28 = 19*p - 162. Let f be -22*10/4*(-12)/30. Calculate the greatest common divisor of p and f.
2
Suppose 361*h = -i + 359*h + 29, -h = 3*i - 102. Calculate the highest common factor of i and 185.
5
Suppose -l - y = -3 - 0, -3*y = 4*l - 13. Let i(f) = f + 17. Let d be i(13). Let u be 2*(-6)/9*(-3 - d). What is the greatest common factor of u and l?
4
Let g = 5 - 3. Suppose -81 + 66 = -5*a. Suppose g*l - a*l + 8 = 4*m, -l = m - 5. What is the highest common divisor of 8 and l?
4
Let v(r) = r + 104. Let f be v(20). Let t be (-1)/4 - (-10075)/f. Calculate the highest common divisor of 54 and t.
27
Let r(v) = v**3 - 45*v**2 - 99*v + 469. Let l be r(47). Calculate the greatest common factor of 169 and l.
13
Suppose 0 = 8*a - 7*a - y + 408, 3*a = -y - 1204. Let b = 571 + a. What is the highest common factor of 21 and b?
21
Suppose -2*n - 48*r = -44*r - 3984, 9990 = 5*n + 4*r. Calculate the highest common divisor of 182 and n.
182
Let i be (-3)/9 - (2/22 + (-720)/297). Suppose -3*p + 2 = -4. Let u be 2 + (16 - i - (p + 2)). What is the greatest common factor of 204 and u?
12
Suppose 900*v = 905*v - 210. Suppose 20*b - 16*b = 1512. Calculate the highest common divisor of b and v.
42
Suppose -u - 5*a + 22 = 0, -11*a + 12*a - 8 = -2*u. What is the greatest common divisor of u and 662?
2
Suppose 4*l = 3*z + 2309 + 12465, -3*l - z = -11074. Calculate the highest common factor of l and 104.
52
Let m = -2210 - -2238. Calculate the highest common factor of m and 2338.
14
Suppose -4*n = -3*n - 17. Let q = -50035 + 50188. What is the highest common divisor of n and q?
17
Suppose 48 = 10*t - 72. Let c be 14/10 - 6/15. Let v be 24 - -2 - c*2. What is the highest common divisor of t and v?
12
Let a = 120 - -159. Let o be (6 - 0) + a/9. What is the highest common factor of 629 and o?
37
Let m(u) = u**3 - 11*u**2 + 27*u + 47. Let r be m(9). Calculate the greatest common divisor of 26816 and r.
64
Suppose -25 = -2*n - 3*n. Let j be 3 - 5/(n/3) - -14.